
Let m(w) = 84*w**2 + 1. Is m(1) prime?
False
Suppose -5*l - 7 + 27 = 0. Let o(f) = l*f + 6*f - f**2 - 4 - f. Is o(7) a prime number?
False
Is ((-4)/(-2) - 4881/6)*-2 a composite number?
True
Let h be -2 - 9/(-1 + 4). Let k be 0/(h/(15/6)). Suppose t - 24 + 5 = k. Is t a prime number?
True
Let z be (-48)/(-4) - (-3 + 2). Let g be (2 + 2)*1/2. Let w = g + z. Is w a composite number?
True
Let l be (2/2)/(-1 - -2). Is (3 + l)*(-211)/(-4) a composite number?
False
Suppose 4*g - 2*g = -3*i + 9, 0 = 2*g - 2*i - 4. Suppose a + 0 - g = 0. Suppose a*y - 63 = 168. Is y composite?
True
Let s(h) = h + 6. Let a be s(-6). Suppose a = 5*x - 3*x - 254. Is x prime?
True
Suppose -2*w - 1 = -q - 29, 5*w + 5*q = 55. Is w a composite number?
False
Suppose -3*d = -4*d - 10. Let m(l) = -15*l + 13. Is m(d) composite?
False
Suppose 2*i + 5*d = 1638, 0*i - 4*i - d = -3240. Is i a composite number?
False
Let f = 723 - -874. Is f a composite number?
False
Let a(r) = -r**3 - 7*r**2 + r + 9. Let k be a(-7). Suppose -k*j + u + 115 = 0, 5*u - 19 + 4 = 0. Is j a composite number?
False
Suppose 3*k - 2 = -11, 0 = -p - 3*k - 12. Is p/((-6)/14) + 0 a composite number?
False
Let d = -241 + 474. Is d a composite number?
False
Let k = 4589 - 2436. Is k composite?
False
Suppose -2*g - 3*g - 2*h + 7407 = 0, 0 = 5*g - h - 7404. Is g composite?
False
Suppose -2*p + 226 = 7*v - 3*v, v + 5*p = 52. Suppose -37 = -0*y - y + 5*j, -y = 5*j - v. Is y composite?
False
Let g(r) = -r**3 - 4*r**2 - 4*r - 5. Let c(i) = -4*i**3 - 12*i**2 - 12*i - 15. Let m(j) = 3*c(j) - 8*g(j). Is m(-5) a prime number?
False
Let f = 10 - 5. Suppose -f*a - 336 = -p - 93, -3*p - 2*a + 661 = 0. Is p a composite number?
False
Suppose -4*b - b = 0. Suppose b*q + 3*q = -135. Let m = q - -78. Is m a composite number?
True
Is (5/3)/(2/138) prime?
False
Suppose r + 2*r = 5*x - 280, -x = 5*r - 28. Is x a composite number?
False
Let p = -24 - -5. Let j = 34 - p. Is j a composite number?
False
Is ((-13)/2)/((-9)/1314) a prime number?
False
Suppose 0 = 4*s + h + 4*h - 4171, 4*s + h - 4191 = 0. Is s prime?
True
Let y = 10 - 6. Suppose 4*h + 5*t + 132 = 0, -t + 0*t = -y. Let k = -23 - h. Is k a prime number?
False
Let h be 11956/18 - (-14)/(-63). Is h/4*(4 - 3) a prime number?
False
Let d(z) = 3*z + 3. Let k be d(-2). Let r(y) = 13*y**2 + y + 2. Let g be r(k). Let q = -69 + g. Is q a prime number?
True
Suppose -r + 5*r = 0. Suppose 0 = -4*u - 4*l - l + 743, -3*u + 3*l + 564 = r. Is u a composite number?
True
Let y = 119 - 70. Suppose 0 = 2*m - 777 - y. Is m a composite number?
True
Suppose -14*d - 7234 + 26190 = 0. Is d composite?
True
Is (0 - (-3 + 3)) + 71 a prime number?
True
Suppose -3*a + 0*u = 2*u - 405, 4*a - 2*u - 526 = 0. Is a a prime number?
False
Suppose 0 = -r - 2*h - 223 + 1630, 4*r - h - 5592 = 0. Is r a prime number?
True
Suppose 6*b = 2*b - 232. Let u = 143 + b. Is u a prime number?
False
Suppose 3*w - 540 = 3*j, -3*w + 0*j - 4*j = -533. Is w a prime number?
True
Let k be (74/(-4))/(-1)*2. Let t = -9 - -11. Suppose -t*q - k = -99. Is q prime?
True
Let r(j) be the third derivative of -j**9/30240 - j**8/2880 - j**7/1680 - j**6/720 + j**5/60 - 4*j**2. Let z(w) be the third derivative of r(w). Is z(-5) prime?
True
Let r = 2480 + -1143. Is r prime?
False
Suppose 917 = 4*y + 3*q + 2*q, 907 = 4*y + 3*q. Is y a prime number?
True
Let j(c) = -21*c**3 - c**2 - 2*c - 1. Is j(-1) prime?
False
Suppose m - 2 = 2*v, -3*v = -0*v - 5*m + 10. Suppose v = -5*k - 64 + 479. Is k a prime number?
True
Suppose -3*f + 11 = -1. Let o = -2 - f. Let t(w) = w**3 + 7*w**2 + 3*w + 1. Is t(o) composite?
False
Suppose 7*n - 2*n + 885 = 0. Let c = 288 + n. Is c composite?
True
Is -1*(-32 + -4) + 1 a composite number?
False
Is (15 - 178)/(21/11 + -2) prime?
False
Let w = 293 - -10. Is w a composite number?
True
Let s(h) = -7*h**3 - 3*h**2 + h + 2. Let k(t) = -t**3 - 5*t**2 + 5*t - 8. Let p be k(-6). Let q be (p/3)/(10/45). Is s(q) a composite number?
True
Suppose 3*t = -0*q + 2*q - 3542, 2*q = -4*t + 3514. Is q a prime number?
False
Is (12/10)/(2/235) composite?
True
Let f be 0/2 + (-1 - -116). Suppose -5*j = -300 - f. Let k = 120 - j. Is k a prime number?
True
Let m(w) = 3*w**2 - 13*w + 1. Let x be m(9). Suppose 5*y = 148 + x. Is y a composite number?
True
Let a(u) be the third derivative of u**4/3 - u**3 + 2*u**2. Is a(5) composite?
True
Let v(n) = -5*n**3 - 5*n**2 - 4*n + 6. Is v(-5) a prime number?
False
Let m(v) = -3 + 3*v - 2 + 0*v**2 + v**2. Let u = 22 - 30. Is m(u) a composite number?
True
Let w(d) = 5*d**2 - 3*d. Let t be 11 - (5 - 9/3). Suppose t = 5*g - 1. Is w(g) prime?
False
Let v(h) = 10*h**2 + 7 - 5 + 17*h**2 - 9*h**2. Is v(2) a composite number?
True
Let y = -188 - -85. Let p = 274 - y. Is p prime?
False
Suppose 0 = -4*i + 5*i - 5. Suppose -9 = -i*o - 49. Let v(d) = -15*d - 5. Is v(o) a composite number?
True
Let f(v) = -366*v**3 - 2*v - 1. Is f(-1) composite?
False
Let v(t) be the first derivative of 13*t + 8*t**2 + 1/4*t**4 + 1 + 13/3*t**3. Is v(-11) prime?
True
Let v(p) = 33*p - 7. Suppose 2*x - 4 = 5*o + 20, 4*o = x - 12. Suppose -5*y + 13 + x = 0. Is v(y) prime?
False
Is (6/4)/(1*(-15)/(-3590)) a prime number?
True
Let k = 2 + -2. Suppose k*g = -4*g - 88. Let m = 68 + g. Is m a composite number?
True
Let m be (-1)/4 - 17/(-4). Suppose 0 = 5*n - 2*j + m, -3*j - 7 = -2*n + n. Is 57/3*(-2)/n a composite number?
False
Suppose 2*k + 1712 = 6*k. Suppose -2*g = 4*b - k, -208 = -g - 2*b - 3*b. Is g prime?
False
Suppose 0*f + 6 = 3*f. Suppose -138 - 192 = -f*n. Suppose -n = -5*b - 0*b. Is b a prime number?
False
Let b(c) be the first derivative of -c**2/2 + 1. Let j be b(-3). Suppose -3*f = j - 0, -358 = -3*i + f. Is i composite?
True
Suppose 2*o - 5 + 21 = 0. Let m = -8 - o. Suppose -5*d + 0*d + 745 = m. Is d prime?
True
Let o(p) = -p**2 - 14*p + 18. Is o(-13) prime?
True
Suppose 3*z - 4*a = 23, -3*z + 4*a + 25 = 2*z. Let l = 3 - z. Suppose -34 = -l*k - 8. Is k a prime number?
True
Suppose -2*d + k - 29 = -4*k, 3*d - k = -11. Is 133/2 + d/(-4) a composite number?
False
Suppose -2164 = -4*l - 5*g, g - 1082 = 2*l - 4*l. Is l composite?
False
Suppose -5*i + i - 18 = -3*v, 0 = -3*i - v - 7. Is 15*29/i*-1 prime?
False
Let k be 11*-1*(3 - 2). Let w(x) = -15*x - 8. Is w(k) a composite number?
False
Suppose -2*i + 3*i = 0. Is 2/(1 + i) - -5 a prime number?
True
Let r(x) = -4*x**2 - x. Let b be r(-1). Let z = b + 1. Is 57 + (-5)/((-5)/z) prime?
False
Suppose -3*q - 2*a + 158 + 189 = 0, 0 = -2*q - a + 233. Is q a prime number?
False
Let w(o) = 2394*o**2 - 3*o - 2. Is w(-1) a prime number?
False
Let h(o) = 9*o**2 - 2*o + 5. Let v be (-9)/15 + 28/5. Let z = v - 9. Is h(z) a prime number?
True
Let g be 6/((-5)/(300/(-9))). Suppose 0 = -3*p - 5*n + 104, n + g = -2*p + 3*p. Is p prime?
False
Suppose -b + 2*m + 212 = 0, 2*b + 3*m - 3 = 400. Suppose 2*p - 2*a - 100 = 0, 2*a = 4*p - 0*a - b. Is p a composite number?
False
Suppose -1 + 5 = 2*b. Is (b/(-4))/(7/(-1778)) prime?
True
Let w(v) = 51*v - 4. Is w(3) composite?
False
Suppose 0 = -3*f - 2*f + 12185. Is f a prime number?
True
Let h = 236 + -43. Suppose 0 = -s + h + 108. Is s a composite number?
True
Let f(w) = -w**3 - 2*w**2 + 3*w + 2. Let s be f(-3). Let p(x) = -x**s + x**3 - 6*x - 3 + 0*x + 4*x. Is p(4) a prime number?
True
Let z(n) = 2*n**2 - 4*n - 5. Let v(b) = -4 + 4*b**3 - 3*b**2 - 3*b**3 - 3*b**2 - 7*b. Let c be v(7). Is z(c) a composite number?
False
Suppose j = 1 + 3. Suppose -r + j = 2. Is (171/(-18))/((-1)/r) prime?
True
Let x = 3 + -1. Let n(j) = 16*j - 1. Is n(x) a composite number?
False
Let d = 25 - -27. Suppose 275 = 3*s - 2*g + d, s - 85 = -2*g. Is s prime?
False
Let p(s) = s**2 - 4*s + 10. Let x be 54/8 - (-1)/4. Is p(x) composite?
False
Let t = -158 + 289. Is t a prime number?
True
Let q = 2535 + -332. Is q prime?
True
Let y(b) = b**2 + 6*b - 1. Let q be y(-6). Let g = q - -1. Suppose -5*v - t + 444 = g, 5*t = -2*v + v + 84. Is v a prime number?
True
Let u(o) be the second derivative of 3*o**5/20 - o**4/4 - o**3/2 - 5*o**2/2 - 3*o. Suppose -4*q = q - 20. Is u(q) a composite number?
False
Let v(r) = -3*r**3 + 6*r**2 + 12*r + 13. Let n(y) = -y**3 - y**2 + y. Let w(q) = -2*n(q) + v(q). Suppose 0 = u - 0 - 9. Is w(u) prime?
False
Suppose 4*a - 3*a = 295. Is a prime?
False
Suppos